f + 27. Suppose -j - 6 = 2*d, 2*j = 7*j - 20. Let i(g) = -6*g - 13. Let r(w) = d*i(w) - 2*y(w). Determine r(-5).
-9
Let n(i) = 9*i - 334. Let p be (-1575)/(-42) - (-3)/(-2). Calculate n(p).
-10
Let c(n) = 5*n**2 + 27*n - 28. Let j(l) = 4*l**2 + 20*l - 21. Let x(v) = 7*c(v) - 9*j(v). Calculate x(7).
7
Let x(w) = -3*w - 115. Let n(j) = 7*j + 254. Let p(u) = -5*n(u) - 11*x(u). What is p(18)?
-41
Let q(l) = -l**2 - l + 1. Let o(z) = 16*z + 16. Let n be o(-11). Let u = -156 - n. What is q(u)?
-19
Let f(w) = -w**3 + w. Suppose 34*q - 27*q - 49 = 0. Let y(p) = -p**2 - p**3 + 2*p + 17 - 1 - q + 5. Let d(s) = -2*f(s) + y(s). What is d(0)?
14
Let p(s) be the first derivative of -s**4/2 - 4*s**3/3 - s**2 - 13*s + 771. Give p(-3).
11
Let h(a) be the first derivative of a**6/180 - a**5/30 - a**4/24 + 2*a**3 - 3*a - 44. Let d(y) be the third derivative of h(y). Determine d(3).
5
Let w(h) = -14*h - 76. Let r(m) be the third derivative of -5*m**4/24 - 13*m**3/3 + 24*m**2. Let s(o) = -11*r(o) + 4*w(o). Give s(-11).
-7
Let t(k) = -k**2 - 7*k + 21. Let d be t(-9). Let v(u) be the first derivative of u**2 - 9*u + 2492. Give v(d).
-3
Let s(r) = 6*r + 5. Let v(m) = m**2 + 122*m + 575. Let k be v(-5). What is s(k)?
-55
Let h(n) = -3*n**2 - 16*n + 5. Let d(x) = -2*x**3 - 13*x**2 + 76*x + 55. Let g be d(-10). Give h(g).
10
Let m(d) = -d**2 - 5*d + 2. Let s = -4845 + 4842. Calculate m(s).
8
Let y(c) = -4*c**3 - c**2 - 13*c - 16. Let r(g) = -14*g**3 - 4*g**2 - 46*g - 58. Let l(u) = -5*r(u) + 18*y(u). Suppose 3*d + 0 = 6. Calculate l(d).
-14
Let i(p) be the third derivative of p**5/60 - p**4 + 35*p**3/6 - 25*p**2. Give i(23).
12
Let q be ((-10)/(-14))/((48/(-168))/(-1)). Let c(v) be the second derivative of -1/6*v**3 - q*v**2 + 9*v + 0. Determine c(-5).
0
Let f(n) = -7*n**3 + 13*n**2 - 3*n - 5. Let h(a) = 48*a**3 - 79*a**2 + 17*a + 34. Let v(l) = 13*f(l) + 2*h(l). What is v(-3)?
-18
Let t(l) = 83065 + 83095 - 4*l - 166119. Calculate t(0).
41
Let h(u) = -223*u - 64. Let q(d) = 76*d. Let p(a) = -h(a) - 3*q(a). Calculate p(11).
9
Suppose -20 = o - 6*o. Suppose -25 - 17 = o*g - 3*a, -3*a + 6 = 0. Let z(n) = -n**3 - 8*n**2 + 10*n - 4. Determine z(g).
-13
Let v(a) = -a**3 + 9*a**2 - 13*a - 10. Let t(k) = -k**2 + 30*k - 82. Let n be t(25). Suppose -3*l - 8 = -j + 14, n = 4*j - 3*l. Give v(j).
-3
Let j(z) = z - 1. Suppose -6 = -3*k - 0*k. Let b be (-3 - k)/(6/(-18)). Suppose 0 - b = -15*y. What is j(y)?
0
Let m(i) = 2*i**3 - 32*i**2 + 26*i + 37. Let n(o) = o**3 - 15*o**2 + 12*o + 18. Let r(h) = 4*m(h) - 7*n(h). What is r(22)?
-22
Let s(m) = m - 3. Let p be s(3). Suppose p*f + 12 = 4*f. Let n(t) = -14*t**2 + 4*t - 7 - 7*t - 7*t + 6*t**2 - t**f. Give n(-7).
14
Let d(z) be the third derivative of -z**7/840 + 7*z**6/720 - 3*z**5/5 + 60*z**2. Let c(y) be the third derivative of d(y). Give c(6).
-29
Let l(o) = 14*o**2 - 379*o - 1236. Let v be l(30). Let f(x) = x + 1. Let r(y) = -3. Let m(z) = f(z) + r(z). Determine m(v).
-8
Let s(i) be the second derivative of -i**4/4 + i**3/2 + 5*i**2/2 - 1491*i. What is s(-4)?
-55
Let u = 368 - 365. Let g(b) = 7*b**2 - 4*b - 38. Let m(x) = 4*x**2 - 2*x - 19. Let v(l) = u*g(l) - 5*m(l). Determine v(6).
5
Let j = 132 + -3. Let u = j + -133. Let l(o) = -3*o - 10. Give l(u).
2
Let h(k) be the third derivative of k**5/30 - k**4/12 - k**3 + 7*k**2 + 333*k. Give h(-8).
138
Let g(c) = -4*c + 5. Suppose -y + l = -6*y - 38, 34 = -4*y - 2*l. Let p = 12 + y. Suppose 33 - 13 = p*n. Give g(n).
-11
Let r(x) = 2085*x - 1025*x - 1030*x - 84. Let v be r(3). Let b(j) = -j + 1. Calculate b(v).
-5
Let w(v) = v**2 - 5*v - 2. Let p(f) = 2*f. Let m(x) = -x. Let r(k) = -7*m(k) - 4*p(k). Let d(c) = r(c) - w(c). Suppose 145 + 90 = 47*h. Give d(h).
-3
Let x(s) = -s**3 + 36*s**2 - 37*s + 73. Let j be x(35). Let i(u) = -9 - 6*u + 3*u + u + j*u. Calculate i(8).
-1
Let m(z) = z**2 - 4*z + 1. Suppose 3*r = -5*r + 296. Suppose r*h - 43*h = -360. Suppose 4*w - h = -48. Give m(w).
-2
Let d(y) be the third derivative of y**3 + 0 + 0*y - 1/24*y**4 + 3*y**2. Let v be 6*((-50)/(-60))/1. Determine d(v).
1
Let r(t) = -2*t**3 - 12*t**2 + 9*t - 31. Let s(v) = v**3 + 13*v**2 - 11*v + 29. Let y(z) = -2*r(z) - 3*s(z). What is y(14)?
-11
Let y(o) = -17*o - 28. Let a(s) = -2. Let z(m) = 11*m + 16. Let r(c) = -a(c) + z(c). Let u(j) = -8*r(j) - 5*y(j). Give u(6).
-22
Let j(z) = -7*z**3 + 47*z**2 - 8*z - 37. Let c(x) = -x**3 + 8*x**2 - 2*x - 6. Let k(b) = 13*c(b) - 2*j(b). Determine k(-11).
-15
Let n(o) = 11*o - 7. Let t(l) = 0*l + l + 3 - 6*l + 0*l. Let k(g) = 6*n(g) + 13*t(g). Give k(6).
3
Let k(d) = d**2 + 1 - 4*d - d + 0*d. Let f = 13319 + -13313. Determine k(f).
7
Let g(k) = -35*k**3 + 11 - 3*k**2 + 6*k**2 + 34*k**3 - 8*k. Calculate g(5).
-79
Suppose -60 = 5*r + 4*j, -4*r - 57 = 386*j - 381*j. Let i(t) = 7*t**2 + 54*t - 19. Calculate i(r).
-3
Let q(p) = -15384*p + 177 + 7696*p + 7696*p. What is q(-22)?
1
Let k(y) be the third derivative of y**5/15 + 17*y**4/24 - 5*y**3/6 - 202*y**2 + 1. Determine k(-4).
-9
Let s(v) be the second derivative of 5/8*v**4 + 13/120*v**5 + 0 + 0*v**2 - v + 7*v**3 + 1/360*v**6. Let w(m) be the second derivative of s(m). Give w(-12).
3
Let j = 218 + -51. Let y = -159 + j. Let i(o) = 3*o + 3. Give i(y).
27
Let h(n) = -10*n**3 - 2*n**2 + 2. Let y be (-4 + ((-1040)/39)/(-8))/((-4)/6). What is h(y)?
-10
Let b(a) = 5*a**3 + 7*a**2 - 6*a. Let u(k) = -4*k**3 - 7*k**2 + 6*k - 1. Let j(p) = 5*b(p) + 6*u(p). Let r = 4155 - 4149. What is j(r)?
-6
Suppose -5*q - 105*k = -101*k - 57, 0 = -3*q + 2*k + 21. Let z be (q + -11 + 9)*-1. Let n(d) = -3*d - 8. What is n(z)?
13
Suppose -4*x = -4*i + 24 - 4, -5*x + 2*i = 1. Let q(k) = 2*k**2 + 10*k - 37. What is q(x)?
11
Let v(i) = -i - 15. Let h(p) = 2*p + 31. Let d(k) = -6*h(k) - 13*v(k). Let y(w) = -w**3 - 5*w**2 - w + 12. Let x be y(-5). Suppose x*t = 16*t. Give d(t).
9
Let y(x) be the second derivative of x**3/6 + 2*x**2 + 318*x + 5. Give y(12).
16
Let k(h) = -5*h**2 + 24*h - 13. Let a(m) = 5*m**2 - 140*m - 141. Let y be a(-1). Determine k(y).
3
Suppose -2*l - 12*l = -4116. Let w = l - 280. Let m(z) = z**2 - 15*z + 20. Give m(w).
6
Let k(p) be the second derivative of p**6/360 + p**5/20 + 7*p**4/24 + 89*p**3/6 + 18*p - 1. Let o(q) be the second derivative of k(q). What is o(-6)?
7
Let v(i) = i**2 - 10*i + 1. Suppose -6*z - 178 - 212 = 0. Let w be 9 + ((-26)/z)/(2/(-10)). Determine v(w).
-20
Let k(n) = -5*n - 47. Let y be k(-10). Let l(m) = -y*m**2 + 99 + 12*m - 94 - m**3 - 7*m**2. Give l(-11).
-6
Let h(c) = -c + 2. Let d(t) = t**3 + 18*t**2 + 72*t + 28. Let z be d(-5). Determine h(z).
9
Let j(w) = w**3 + 4*w**2. Let t(s) = -8*s - 9. Let v(h) = 17*h + 17. Let a(g) = 5*t(g) + 3*v(g). Let n be a(2). Let i = -32 + n. What is j(i)?
0
Let j(y) = 0*y + y + 18 - 6 + 0. Suppose -5*o - 4 = 4*f, f - 29*o + 32*o = 6. Calculate j(f).
6
Let q(z) = 284*z - 219. Let d(g) = 372*g - 218. Let j(p) = 3*d(p) - 4*q(p). Give j(11).
2
Let i(h) be the first derivative of h**4/4 + 2*h**3/3 - 3*h**2 - h + 2402. Suppose 4 = -6*n + 5*n. What is i(n)?
-9
Let r(t) = -23*t**2 - 9*t**2 - 35 + 136*t**3 + 81*t**3 - 216*t**3. Determine r(32).
-35
Suppose -3*g = -2*l - 0*l - l, -g = -5*l. Let z(j) be the third derivative of 18*j**2 + 1/30*j**5 + 1/2*j**3 + l + 1/3*j**4 + 0*j. Give z(-5).
13
Let x(k) = -2*k**2 - 6. Let d(m) = -7*m**2 - 21. Let a(c) = 6*d(c) - 22*x(c). Give a(0).
6
Let t(m) = 23*m + 93. Suppose 699 = 21*f + 783. What is t(f)?
1
Let z(o) = -11*o**2 - 165*o + 29. Let b(h) = h**2 + 15*h - 3. Let f(v) = 23*b(v) + 2*z(v). Give f(-5).
-61
Let l = -3277 - -3273. Let z(b) = -6*b - 18. Determine z(l).
6
Suppose 2*w - c = 3*w + 70, -2*c = 4*w + 272. Let h = 69 + w. Let a(u) be the first derivative of -2*u**2 + 2*u + 2. Give a(h).
-10
Let p(d) = -d**3 + 5*d**2 + 6*d + 4. Let n be p(6). Suppose 0*s - n = s. Let f(j) = 65*j - 155*j - j**3 - 3*j**2 + 58*j + 36*j - 1. What is f(s)?
-1
Let z(r) = -5*r - 13. Let n be z(7). Let l = n + 48. Suppose -7*b - 49 + 0 = l. Let a(d) = d - 2. What is a(b)?
-9
Let u(p) = 65*p**3 - p. Let x(t) = 497*t - 2484. Let c be x(5). What is u(c)?
64
Let m = -21 - -21. Let w be (-4 + (1 - (-86)/8))*4. Suppose m = -n + 26 - w. Let j(v) = -v**3 - 6*v**2 - 6*v - 6. Give j(n).
-1
Let c(q) = -177*q + 12 + 184*q - 2. Give c(3).
31
Let l(d) = -d**2 -